der when 45 is divided by 17.
11
What is the remainder when 163 is divided by 57?
49
Calculate the remainder when 249 is divided by 21.
18
What is the remainder when 296 is divided by 20?
16
Calculate the remainder when 28612 is divided by 13.
12
Calculate the remainder when 4549 is divided by 25.
24
Calculate the remainder when 223 is divided by 142.
81
What is the remainder when 131 is divided by 110?
21
What is the remainder when 83 is divided by 53?
30
Calculate the remainder when 46 is divided by 36.
10
What is the remainder when 263 is divided by 122?
19
What is the remainder when 1084 is divided by 499?
86
Calculate the remainder when 545 is divided by 13.
12
Calculate the remainder when 1133 is divided by 40.
13
What is the remainder when 2491 is divided by 9?
7
What is the remainder when 268 is divided by 54?
52
Calculate the remainder when 1781 is divided by 51.
47
Calculate the remainder when 950 is divided by 5.
0
Calculate the remainder when 294 is divided by 5.
4
Calculate the remainder when 6367 is divided by 118.
113
What is the remainder when 2253 is divided by 34?
9
Calculate the remainder when 1008 is divided by 86.
62
What is the remainder when 2036 is divided by 81?
11
What is the remainder when 14613 is divided by 58?
55
Calculate the remainder when 1064 is divided by 74.
28
What is the remainder when 142 is divided by 11?
10
What is the remainder when 9898 is divided by 99?
97
Calculate the remainder when 139 is divided by 74.
65
What is the remainder when 2625 is divided by 30?
15
Calculate the remainder when 556 is divided by 22.
6
Calculate the remainder when 262 is divided by 31.
14
What is the remainder when 208 is divided by 31?
22
What is the remainder when 5402 is divided by 30?
2
Calculate the remainder when 1002 is divided by 36.
30
What is the remainder when 2244 is divided by 558?
12
Calculate the remainder when 6888 is divided by 37.
6
What is the remainder when 87 is divided by 45?
42
What is the remainder when 428 is divided by 210?
8
Calculate the remainder when 279 is divided by 88.
15
Calculate the remainder when 310 is divided by 75.
10
Calculate the remainder when 175 is divided by 60.
55
What is the remainder when 1042 is divided by 87?
85
Calculate the remainder when 415 is divided by 24.
7
What is the remainder when 2165 is divided by 29?
19
Calculate the remainder when 27 is divided by 15.
12
What is the remainder when 212 is divided by 86?
40
Calculate the remainder when 358 is divided by 155.
48
What is the remainder when 273 is divided by 55?
53
What is the remainder when 219 is divided by 69?
12
What is the remainder when 40 is divided by 15?
10
Calculate the remainder when 13 is divided by 8.
5
What is the remainder when 1696 is divided by 23?
17
What is the remainder when 270 is divided by 54?
0
Calculate the remainder when 1407 is divided by 130.
107
What is the remainder when 13319 is divided by 40?
39
What is the remainder when 209 is divided by 98?
13
Calculate the remainder when 81 is divided by 13.
3
What is the remainder when 79 is divided by 27?
25
What is the remainder when 587 is divided by 19?
17
What is the remainder when 18430 is divided by 16?
14
What is the remainder when 77 is divided by 10?
7
Calculate the remainder when 1981 is divided by 39.
31
What is the remainder when 8673 is divided by 206?
21
What is the remainder when 197 is divided by 69?
59
What is the remainder when 57 is divided by 48?
9
Calculate the remainder when 88 is divided by 30.
28
Calculate the remainder when 25 is divided by 16.
9
What is the remainder when 392 is divided by 6?
2
What is the remainder when 551 is divided by 46?
45
Calculate the remainder when 251 is divided by 63.
62
Calculate the remainder when 207 is divided by 15.
12
Calculate the remainder when 188 is divided by 181.
7
Calculate the remainder when 11 is divided by 4.
3
Calculate the remainder when 512 is divided by 137.
101
Calculate the remainder when 970 is divided by 315.
25
What is the remainder when 3023 is divided by 84?
83
What is the remainder when 2275 is divided by 127?
116
What is the remainder when 301 is divided by 50?
1
What is the remainder when 388 is divided by 30?
28
Calculate the remainder when 1299 is divided by 93.
90
Calculate the remainder when 212 is divided by 66.
14
Calculate the remainder when 194 is divided by 57.
23
What is the remainder when 173 is divided by 51?
20
Calculate the remainder when 1992 is divided by 218.
30
Calculate the remainder when 620 is divided by 4.
0
Calculate the remainder when 613 is divided by 110.
63
Calculate the remainder when 53 is divided by 35.
18
Calculate the remainder when 887 is divided by 225.
212
What is the remainder when 138 is divided by 14?
12
Calculate the remainder when 105 is divided by 22.
17
What is the remainder when 4437 is divided by 7?
6
What is the remainder when 5669 is divided by 138?
11
What is the remainder when 2507 is divided by 142?
93
What is the remainder when 233 is divided by 144?
89
What is the remainder when 169 is divided by 43?
40
What is the remainder when 114 is divided by 44?
26
Calculate the remainder when 528 is divided by 131.
4
Calculate the remainder when 177 is divided by 70.
37
What is the remainder when 5869 is divided by 96?
13
Calculate the remainder when 387 is divided by 324.
63
Calculate the remainder when 12812 is divided by 55.
52
What is the remainder when 3634 is divided by 104?
98
What is the remainder when 2836 is divided by 11?
9
What is the remainder when 644 is divided by 81?
77
What is the remainder when 27373 is divided by 59?
56
What is the remainder when 702 is divided by 182?
156
Calculate the remainder when 284 is divided by 154.
130
Calculate the remainder when 1652 is divided by 212.
168
Calculate the remainder when 373 is divided by 28.
9
What is the remainder when 245 is divided by 62?
59
What is the remainder when 336 is divided by 90?
66
What is the remainder when 5771 is divided by 26?
25
Calculate the remainder when 519 is divided by 504.
15
What is the remainder when 586 is divided by 16?
10
What is the remainder when 573 is divided by 118?
101
What is the remainder when 377 is divided by 37?
7
What is the remainder when 68 is divided by 47?
21
Calculate the remainder when 163 is divided by 21.
16
What is the remainder when 82 is divided by 21?
19
Calculate the remainder when 397 is divided by 12.
1
Calculate the remainder when 285 is divided by 26.
25
Calculate the remainder when 155 is divided by 41.
32
What is the remainder when 338 is divided by 16?
2
What is the remainder when 96 is divided by 7?
5
Calculate the remainder when 257 is divided by 34.
19
Calculate the remainder when 176 is divided by 26.
20
Calculate the remainder when 489 is divided by 35.
34
Calculate the remainder when 202 is divided by 116.
86
Calculate the remainder when 177 is divided by 78.
21
Calculate the remainder when 457 is divided by 23.
20
Calculate the remainder when 40 is divided by 19.
2
What is the remainder when 1222 is divided by 44?
34
What is the remainder when 1271 is divided by 11?
6
What is the remainder when 22863 is divided by 111?
108
Calculate the remainder when 169 is divided by 3.
1
What is the remainder when 778 is divided by 34?
30
Calculate the remainder when 168 is divided by 9.
6
What is the remainder when 218 is divided by 141?
77
What is the remainder when 4 is divided by 3?
1
What is the remainder when 180 is divided by 62?
56
What is the remainder when 134 is divided by 14?
8
What is the remainder when 351 is divided by 5?
1
What is the remainder when 1300 is divided by 93?
91
What is the remainder when 873 is divided by 16?
9
Calculate the remainder when 14 is divided by 3.
2
What is the remainder when 575 is divided by 178?
41
What is the remainder when 230 is divided by 21?
20
What is the remainder when 21 is divided by 15?
6
What is the remainder when 648 is divided by 21?
18
Calculate the remainder when 7522 is divided by 18.
16
What is the remainder when 479 is divided by 37?
35
What is the remainder when 5821 is divided by 49?
39
Calculate the remainder when 1662 is divided by 139.
133
What is the remainder when 180 is divided by 28?
12
What is the remainder when 2311 is divided 